e l(j). Let p be 3 - -40 - (1 - 3). Calculate the greatest common factor of p and m.
5
Let a be (-3)/(-15) - 1104/(-80). Let f be (1*2)/((-8)/216). Let i be (-2)/(-8) - f/8. What is the highest common factor of i and a?
7
Let p(h) = -h**3 - 20*h**2 + 93*h - 70. Let b be p(-24). What is the greatest common divisor of b and 75?
1
Suppose 2*h = 5*d - h - 295, 3*h = 0. Let k = -23 + d. What is the greatest common divisor of k and 9?
9
Let c = -123 - -82. Let w be 4/(1 + 40/c). Let o = w + -68. Calculate the greatest common factor of o and 12.
12
Let i be (-994)/(-10) - (-64)/(-160). Calculate the greatest common divisor of i and 22.
11
Let i(n) = -18*n - 127. Let t be i(-48). Calculate the greatest common factor of t and 11.
11
Suppose 4*j - 2 = 2*g, -2*g - 28 = 4*j - 34. Calculate the highest common factor of j and 409.
1
Let m be 0 - 0 - (-3 + -3). Let f be (m/(-5))/((-6)/20). Let o(u) = 2*u**2 - 5*u + 3. Let p be o(5). What is the highest common factor of p and f?
4
Let y = 70 - 38. Let s be (y/(-5))/((-46)/1035). What is the greatest common factor of 24 and s?
24
Let w be (333/(-12))/((-93)/1736). Calculate the highest common factor of w and 42.
14
Let i be 1/(-6) + (-93)/(-18). Suppose x = -0 + i. Suppose 3 - 8 = -x*y. Calculate the highest common divisor of 1 and y.
1
Let s(p) = -p**3 + 7*p**2 - 4*p + 46. Let d be s(7). What is the greatest common divisor of d and 1206?
18
Let y(a) be the first derivative of -a**3/3 - 8*a**2 + 7*a - 7. Let q be y(-15). Let k = 42 - q. Calculate the highest common factor of k and 20.
20
Let h be (-12)/30 + 96/15. Suppose 2*z - 4*z - 264 = 0. Let l = z - -198. What is the highest common factor of h and l?
6
Let w(c) = -c - 4. Let l be w(-8). Suppose 20 = -4*t + l. Let g be 2*t/3*-3. What is the greatest common factor of g and 20?
4
Let p be (-1)/((-1405)/350 - -4 - 0). Let d be (-1)/((-3)/525 + 0). Calculate the highest common factor of d and p.
35
Let n(k) = -k + 4. Let t be n(-3). Let r be ((-79 + -5)/1)/(-1). Calculate the highest common factor of r and t.
7
Suppose 4*g = 4*h - 255 + 275, -5*h = 5*g + 5. Let l = 5 + -3. Calculate the greatest common divisor of g and l.
2
Suppose 9*p - 2306 = -3*z + 8*p, -5*p = -4*z + 3062. What is the highest common divisor of z and 3?
3
Suppose 173*w = 162*w + 31328. What is the highest common factor of 16 and w?
16
Let a be ((-9)/27)/((-2)/48). Let t(h) = h + 6. Let p be 1*-1 + 24/(-6). Let g be t(p). Calculate the highest common divisor of a and g.
1
Let z(q) = -141*q - 415. Let u be z(-3). Let h be -2*(-1)/2*1. What is the greatest common divisor of h and u?
1
Let r be (0/(-1) - 5)*6/(-15). Suppose -r*l + 1 = -4*v + 7, -3*l + 5*v = 5. What is the greatest common factor of l and 40?
5
Let u be 1/((-9)/(-12))*3. Suppose 7 - 60 = -u*o + 3*p, -2*p = -4*o + 50. Let y be (-878)/(-11) + 14/77 + -3. What is the highest common factor of o and y?
11
Let v(f) = 7*f**2 + f. Suppose 0*t + t = 2. Let r be v(t). Calculate the greatest common divisor of r and 45.
15
Let d(v) = -v**2 - 10*v + 13. Let s be d(-11). Let n be (-8)/(-2) + -2 + s. Suppose 5*y - n*y - 1 = 0. Calculate the highest common divisor of y and 4.
1
Suppose 0 = 3149*b - 3138*b - 671. Calculate the highest common divisor of 3904 and b.
61
Let g = 103 + -70. Let n(q) = 2*q**2 - 19*q + 64. Let o be n(6). What is the greatest common factor of o and g?
11
Let f be ((-6)/12)/((-2)/124). Let g = f + -22. Suppose -5*p = 5*x - 35, 0 = 2*p - 5*x + 4 - 32. What is the highest common divisor of p and g?
9
Let z = 5 - 5. Suppose -5*g + 0*g = z. Suppose 4*s = -n + 129, g = 5*n - 1 - 4. Calculate the greatest common divisor of 64 and s.
32
Suppose -19 = 27*g - 343. What is the greatest common factor of 156 and g?
12
Suppose -2*l - 5*i = -8, 4*l + 0*i + 5*i - 16 = 0. Suppose -4 = -l*k - 0*k, 0 = -4*w + k + 43. What is the greatest common divisor of w and 22?
11
Let s = -2943 - -2990. Calculate the greatest common divisor of 94 and s.
47
Let h be (-2 - -1)*-1*(-1 + 0). Let k = -6 + 0. Let o = h - k. What is the greatest common factor of 10 and o?
5
Let u = 8 - 5. Let g be 9/u - 78/(-2). Suppose 0 = b - 3*b + g. What is the greatest common factor of 105 and b?
21
Let v be ((-4)/12)/(1/(-33)). Let p(c) = -c**2 - 3*c + 5. Let r be p(-4). What is the highest common divisor of v and r?
1
Suppose 62*z - 1520 = 54*z. What is the greatest common divisor of 76 and z?
38
Let m(n) = -n**2 - 28*n + 203. Let a be m(-26). What is the greatest common factor of a and 15?
15
Suppose -6*l = -9*l + 30. Suppose -122 = -4*u - l. What is the greatest common divisor of 140 and u?
28
Let y = 171 - -116. Let i = y + -166. What is the greatest common factor of 11 and i?
11
Suppose 0 = -2*l + 78 - 18. Suppose -12*j + 8*j - 4*y = -44, -3*j = -3*y - 27. What is the greatest common divisor of j and l?
10
Let a(n) = 2*n - 3. Let t be a(13). Let l = 47 - t. Calculate the greatest common divisor of 18 and l.
6
Suppose 4*s + 118 = 2*h, 3*s - 92 - 285 = -8*h. What is the greatest common divisor of h and 126?
7
Let w be (40/2)/((-1)/1). Let j = w + 50. Suppose 0 = -u - 2*u + j. Calculate the greatest common factor of 25 and u.
5
Suppose 4*j + 72 = -0*j. Let l = -15 - j. Suppose 0 = -l*b - 2*b + 50. Calculate the greatest common factor of b and 2.
2
Suppose -10 = 5*i, 7*i = -4*j + 2*i + 254. Let r be (21/6)/7*j. Calculate the greatest common divisor of r and 3.
3
Let q be -3 - (36/(-3) + -4). Suppose c = -c - 4*d - 6, 0 = 5*c + 3*d - q. Suppose -2*m + c*m = 225. What is the greatest common divisor of 50 and m?
25
Let k be (-12)/((-96)/40) - -698. Calculate the highest common divisor of 74 and k.
37
Let m be 4*(0 - (-66)/8). Suppose -z + 5*f = 17, -4*f + 20 = -0*f. Let g be (21 + 1)*4/z. What is the greatest common factor of g and m?
11
Let h be 948/21 + 4/(-28). Suppose -q - 2*q + h = 0. Let c = 11 + -6. What is the highest common divisor of q and c?
5
Let z be -4*(-1 + 65/(-10)). Let q = 108 - -12. What is the highest common factor of z and q?
30
Suppose 0 = -b + 3*j + 140, 7*b + 5*j - 560 = 3*b. Calculate the greatest common factor of 14 and b.
14
Let b = 387 - 359. Calculate the greatest common divisor of 448 and b.
28
Suppose 0 + 5 = -5*l, -o = -l - 51. Let h = 3 - 10. Let s = h - -32. Calculate the highest common divisor of s and o.
25
Suppose -4*n = -2*l - 44, -2*n - 2*n - l = -44. What is the greatest common factor of 176 and n?
11
Suppose 2*i = 4*u + 26, 0*u - 21 = -2*i + 3*u. Suppose 5*t = 23 - i. Calculate the greatest common divisor of 12 and t.
4
Suppose s - 89 = 6*i + 83, -304 = -2*s + 4*i. What is the greatest common factor of s and 710?
142
Suppose 34 = 4*r + 2. Suppose -r = 4*n - 6*n. Calculate the highest common divisor of n and 20.
4
Let y(f) = -9*f - 86. Let b be y(-10). Calculate the greatest common divisor of b and 18.
2
Let h(g) = 762*g**2 - 14*g - 11. Let w be h(-1). Calculate the highest common factor of w and 170.
85
Suppose 2*g = -0*g + 144. What is the highest common divisor of 9 and g?
9
Let y(g) = 2*g**3 + 4*g**2 + 10. Let p be y(0). Calculate the highest common factor of p and 1090.
10
Let k be (0 - -1) + (-2 - -3). Let r = 1555 - 1547. What is the greatest common factor of r and k?
2
Let x(n) = -2*n**2 - 8*n - 3. Let d be x(-3). Suppose 1 + 14 = d*j, -4*p + 80 = 4*j. What is the greatest common factor of p and 60?
15
Let q be 40/16 + 22/4. Let u(r) = r**3 - 8*r**2 - 2*r + 20. Let b be u(q). Calculate the greatest common divisor of 4 and b.
4
Suppose -77 = 14*j - 21*j. Calculate the highest common factor of j and 99.
11
Let u be -4*1/6*-3. Let f be ((-32)/48)/(u/(-63)). Let o = -1 - -22. What is the greatest common divisor of o and f?
21
Let q = 36 - -10. Suppose -8*p + q = -106. What is the highest common factor of p and 171?
19
Let q be -1 + 11 + (-4)/1. Suppose 7*d - 29 = q. What is the greatest common divisor of d and 45?
5
Let y = 15 - 9. Let m = 21 + -15. What is the greatest common factor of m and y?
6
Let w = -145 - -143. Let g be w*20/14*(-105)/30. Suppose -3*v = -15 - 30. What is the highest common divisor of v and g?
5
Let d be ((-20)/84 + 3/(-7))*-630. What is the greatest common divisor of d and 60?
60
Let o = -9 - -9. Suppose 4*y - m - 2*m = 32, -4*y - 4*m + 60 = o. Calculate the greatest common divisor of 11 and y.
11
Sup